nd 221.
13
What is the highest common divisor of 77 and 418?
11
Calculate the greatest common factor of 29726 and 178.
178
Calculate the highest common factor of 44 and 110.
22
What is the greatest common factor of 12826 and 242?
242
What is the highest common factor of 21140 and 40?
20
What is the greatest common divisor of 52 and 91?
13
Calculate the greatest common divisor of 35 and 275.
5
What is the highest common factor of 3718 and 13?
13
Calculate the highest common factor of 368 and 161.
23
What is the greatest common divisor of 1892 and 1276?
44
What is the greatest common factor of 130 and 9815?
65
Calculate the greatest common factor of 266 and 133.
133
What is the greatest common factor of 34 and 3502?
34
What is the greatest common factor of 36 and 96?
12
Calculate the greatest common divisor of 7392 and 480.
96
Calculate the greatest common divisor of 95 and 4465.
95
Calculate the highest common factor of 16 and 268.
4
What is the highest common factor of 32 and 4192?
32
Calculate the greatest common divisor of 3 and 285.
3
What is the highest common factor of 247 and 703?
19
What is the highest common divisor of 3042 and 414?
18
What is the greatest common factor of 27 and 4239?
27
What is the highest common divisor of 369 and 18?
9
What is the highest common factor of 176 and 4708?
44
Calculate the greatest common divisor of 16 and 656.
16
Calculate the highest common divisor of 6 and 222.
6
What is the highest common divisor of 63 and 112?
7
Calculate the highest common divisor of 3 and 237.
3
What is the greatest common factor of 19 and 9101?
19
What is the greatest common divisor of 154 and 11242?
154
Calculate the highest common factor of 490 and 2303.
49
What is the highest common factor of 945 and 42?
21
Calculate the highest common factor of 44 and 1408.
44
What is the greatest common factor of 55 and 20955?
55
Calculate the highest common factor of 10813 and 11.
11
Calculate the greatest common divisor of 109 and 1853.
109
What is the greatest common factor of 48 and 624?
48
What is the greatest common factor of 26 and 130?
26
Calculate the greatest common factor of 192 and 504.
24
What is the greatest common factor of 30 and 4170?
30
Calculate the highest common divisor of 759 and 2640.
33
What is the greatest common factor of 594 and 66?
66
What is the highest common factor of 490 and 392?
98
What is the greatest common divisor of 341 and 589?
31
Calculate the greatest common factor of 330 and 120.
30
Calculate the highest common divisor of 553 and 7.
7
Calculate the greatest common factor of 69 and 24.
3
What is the greatest common divisor of 182 and 65?
13
What is the greatest common factor of 85 and 187?
17
What is the highest common factor of 45 and 345?
15
Calculate the highest common divisor of 97 and 1067.
97
Calculate the greatest common factor of 1704 and 200.
8
What is the greatest common divisor of 182 and 637?
91
What is the highest common factor of 100 and 640?
20
Calculate the highest common factor of 2925 and 65.
65
Calculate the greatest common factor of 1241 and 17.
17
What is the highest common divisor of 96 and 912?
48
Calculate the highest common divisor of 272 and 1232.
16
Calculate the greatest common factor of 1908 and 132.
12
Calculate the greatest common divisor of 1529 and 88.
11
Calculate the highest common divisor of 28 and 2422.
14
Calculate the greatest common factor of 1573 and 143.
143
What is the greatest common factor of 611 and 235?
47
Calculate the highest common divisor of 4264 and 104.
104
Calculate the highest common divisor of 24676 and 124.
124
Calculate the greatest common divisor of 5308 and 4.
4
Calculate the greatest common divisor of 135 and 1917.
27
What is the greatest common divisor of 11 and 3?
1
Calculate the highest common factor of 244 and 16348.
244
What is the greatest common factor of 48 and 176?
16
What is the highest common divisor of 45 and 1710?
45
Calculate the greatest common factor of 16 and 9232.
16
What is the greatest common factor of 283 and 11603?
283
What is the highest common factor of 54 and 2250?
18
Calculate the highest common factor of 15 and 21.
3
What is the greatest common divisor of 760 and 38?
38
What is the highest common divisor of 1228 and 92?
4
Calculate the greatest common factor of 72 and 248.
8
What is the highest common factor of 30 and 23220?
30
What is the greatest common divisor of 42 and 42?
42
Calculate the highest common factor of 852 and 24.
12
Calculate the highest common factor of 583 and 2.
1
What is the greatest common divisor of 1938 and 152?
38
Calculate the greatest common factor of 783 and 609.
87
Calculate the greatest common factor of 357 and 17.
17
Calculate the greatest common factor of 140 and 392.
28
What is the highest common factor of 14175 and 175?
175
Calculate the greatest common divisor of 2 and 146.
2
Calculate the greatest common divisor of 352 and 22.
22
Calculate the highest common factor of 783 and 54.
27
Calculate the greatest common divisor of 568 and 72.
8
What is the highest common factor of 81 and 864?
27
What is the greatest common divisor of 26 and 650?
26
Calculate the greatest common factor of 270 and 120.
30
Calculate the highest common factor of 95 and 152.
19
Calculate the highest common divisor of 64 and 14.
2
Calculate the greatest common factor of 42 and 42.
42
What is the greatest common divisor of 63 and 637?
7
Calculate the greatest common factor of 875 and 125.
125
Calculate the greatest common divisor of 6 and 36.
6
Calculate the highest common divisor of 95 and 130.
5
Calculate the greatest common factor of 11 and 154.
11
Calculate the highest common factor of 20 and 190.
10
What is the highest common divisor of 56 and 10598?
14
Calculate the highest common factor of 72 and 13.
1
Calculate the greatest common factor of 187 and 11.
11
What is the greatest common divisor of 18 and 2682?
18
Calculate the greatest common factor of 8441 and 23.
23
What is the highest common factor of 217 and 93?
31
What is the greatest common divisor of 8925 and 350?
175
What is the highest common factor of 16 and 82?
2
Calculate the highest common factor of 10146 and 114.
114
Calculate the greatest common factor of 29900 and 130.
130
What is the greatest common divisor of 96 and 4?
4
Calculate the highest common factor of 168 and 84.
84
Calculate the greatest common divisor of 21 and 66.
3
Calculate the highest common divisor of 36 and 1308.
12
What is the highest common factor of 117 and 9165?
39
Calculate the highest common factor of 294 and 108.
6
What is the highest common factor of 73 and 8833?
73
Calculate the highest common factor of 3415 and 5.
5
Calculate the highest common divisor of 15481 and 226.
113
Calculate the greatest common divisor of 511 and 219.
73
Calculate the greatest common factor of 1068 and 60.
12
What is the highest common divisor of 966 and 6118?
322
Calculate the highest common factor of 14440 and 4.
4
What is the highest common divisor of 96 and 2616?
24
What is the highest common divisor of 18 and 486?
18
What is the highest common factor of 2996 and 14?
14
What is the highest common factor of 1529 and 1807?
139
What is the highest common factor of 9033 and 3?
3
What is the highest common factor of 775 and 2175?
25
What is the highest common divisor of 136 and 1224?
136
Calculate the highest common divisor of 5 and 195.
5
What is the highest common factor of 217 and 7?
7
Calculate the greatest common factor of 468 and 228.
12
What is the highest common divisor of 10080 and 15?
15
Calculate the greatest common factor of 119 and 1071.
119
Calculate the greatest common factor of 42 and 98.
14
What is the greatest common factor of 980 and 147?
49
Calculate the greatest common factor of 231 and 2409.
33
What is the highest common factor of 7288 and 8?
8
Calculate the highest common divisor of 162 and 5751.
81
Calculate the highest common factor of 18889 and 13.
13
Calculate the highest common divisor of 60 and 1695.
15
What is the highest common divisor of 1079 and 166?
83
Calculate the highest common factor of 216 and 7164.
36
Calculate the highest common divisor of 36 and 7758.
18
Calculate the greatest common factor of 510 and 136.
34
What is the greatest common facto